{"id":4,"date":"2020-02-25T20:37:09","date_gmt":"2020-02-25T19:37:09","guid":{"rendered":"http:\/\/www.dr-thaler.at\/zahnarzt\/?page_id=4"},"modified":"2026-02-10T12:50:50","modified_gmt":"2026-02-10T11:50:50","slug":"frontpage","status":"publish","type":"page","link":"https:\/\/www.dr-thaler.at\/zahnarzt\/","title":{"rendered":"Zahnarzt Dr. Christian Thaler"},"content":{"rendered":"<p><div id=\"kurzinfo\" class=\"fusion-container-anchor\"><div class=\"fusion-fullwidth fullwidth-box fusion-builder-row-1 hundred-percent-fullwidth non-hundred-percent-height-scrolling\" style=\"--awb-border-radius-top-left:0px;--awb-border-radius-top-right:0px;--awb-border-radius-bottom-right:0px;--awb-border-radius-bottom-left:0px;--awb-overflow:visible;--awb-flex-wrap:wrap;\" ><div class=\"fusion-builder-row fusion-row\"><div class=\"fusion-layout-column fusion_builder_column fusion-builder-column-0 fusion_builder_column_1_1 1_1 fusion-one-full fusion-column-first fusion-column-last fusion-column-no-min-height\" style=\"--awb-bg-size:cover;--awb-margin-bottom:0px;\"><div class=\"fusion-column-wrapper fusion-flex-column-wrapper-legacy\"><div class=\"fusion-clearfix\"><\/div><\/div><\/div><div class=\"fusion-layout-column fusion_builder_column fusion-builder-column-1 fusion_builder_column_1_2 1_2 fusion-one-half fusion-column-first\" style=\"--awb-bg-size:cover;width:50%;width:calc(50% - ( ( 4% ) * 0.5 ) );margin-right: 4%;\"><div class=\"fusion-column-wrapper fusion-column-has-shadow fusion-flex-column-wrapper-legacy\"><div class=\"fusion-text fusion-text-1\"><p style=\"text-align: left;\"><span style=\"font-family: Open Sans; font-size: 28px; font-weight: 300;\">Unser umfassendes Leistungsspektrum f\u00fcr gesunde und sch\u00f6ne Z\u00e4hne.<\/span><\/p>\n<\/div><div class=\"fusion-clearfix\"><\/div><\/div><\/div><div class=\"fusion-layout-column fusion_builder_column fusion-builder-column-2 fusion_builder_column_1_2 1_2 fusion-one-half fusion-column-last\" style=\"--awb-bg-size:cover;width:50%;width:calc(50% - ( ( 4% ) * 0.5 ) );\"><div class=\"fusion-column-wrapper fusion-column-has-shadow fusion-flex-column-wrapper-legacy\"><div class=\"fusion-text fusion-text-2\"><p>Gesunde und sch\u00f6ne Z\u00e4hne steigern das Wohlbefinden und das Selbstbewusstsein. Ihre Zahngesundheit ist bei uns in besten H\u00e4nden: Unsere schonenden Behandlungen basieren auf modernen wissenschaftlichen Erkenntnissen, sind zahnsubstanzschonend und auf ein langlebiges Behandlungsergebnis abgestimmt.<\/p>\n<\/div><div class=\"fusion-clearfix\"><\/div><\/div><\/div><\/div><\/div><\/div><div class=\"fusion-fullwidth fullwidth-box fusion-builder-row-2 nonhundred-percent-fullwidth non-hundred-percent-height-scrolling fusion-equal-height-columns\" style=\"--awb-border-radius-top-left:0px;--awb-border-radius-top-right:0px;--awb-border-radius-bottom-right:0px;--awb-border-radius-bottom-left:0px;--awb-margin-top:30px;--awb-flex-wrap:wrap;\" ><div class=\"fusion-builder-row fusion-row\"><div class=\"fusion-layout-column fusion_builder_column fusion-builder-column-3 fusion_builder_column_1_3 1_3 fusion-one-third fusion-column-first\" style=\"--awb-padding-top:20px;--awb-padding-right:20px;--awb-padding-bottom:20px;--awb-padding-left:20px;--awb-bg-size:cover;--awb-border-color:#cccccc;--awb-border-top:1px;--awb-border-right:1px;--awb-border-bottom:1px;--awb-border-left:1px;--awb-border-style:solid;width:33.333333333333%;width:calc(33.333333333333% - ( ( 4% + 4% ) * 0.33333333333333 ) );margin-right: 4%;\"><div class=\"fusion-column-wrapper fusion-column-has-shadow fusion-flex-column-wrapper-legacy\"><div class=\"fusion-title title fusion-title-1 fusion-sep-none fusion-title-center fusion-title-text fusion-title-size-two\"><h2 class=\"fusion-title-heading title-heading-center fusion-responsive-typography-calculated\" style=\"margin:0;--fontSize:22;--minFontSize:22;line-height:1.23;\"><p style=\"text-align: center;\">QUALIT\u00c4TSANSPRUCH<\/p><\/h2><\/div><div class=\"fusion-text fusion-text-3\"><p>Wir arbeiten zahnsubstanzschonend, streben hohe Biovertr\u00e4glichkeit an und achten auf gr\u00f6\u00dftm\u00f6gliche \u00c4sthetik, Haltbarkeit und Langlebigkeit. Dies gew\u00e4hrleisten wir durch permanente wissenschaftliche Fortbildung.<\/p>\n<\/div><div class=\"fusion-clearfix\"><\/div><\/div><\/div><div class=\"fusion-layout-column fusion_builder_column fusion-builder-column-4 fusion_builder_column_1_3 1_3 fusion-one-third\" style=\"--awb-padding-top:20px;--awb-padding-right:20px;--awb-padding-bottom:20px;--awb-padding-left:20px;--awb-bg-size:cover;--awb-border-color:#cccccc;--awb-border-top:1px;--awb-border-right:1px;--awb-border-bottom:1px;--awb-border-left:1px;--awb-border-style:solid;width:33.333333333333%;width:calc(33.333333333333% - ( ( 4% + 4% ) * 0.33333333333333 ) );margin-right: 4%;\"><div class=\"fusion-column-wrapper fusion-column-has-shadow fusion-flex-column-wrapper-legacy\"><div class=\"fusion-title title fusion-title-2 fusion-sep-none fusion-title-center fusion-title-text fusion-title-size-two\"><h2 class=\"fusion-title-heading title-heading-center fusion-responsive-typography-calculated\" style=\"margin:0;--fontSize:22;--minFontSize:22;line-height:1.23;\"><p style=\"text-align: center;\">ANGSTFREI<\/p><\/h2><\/div><div class=\"fusion-text fusion-text-4\"><p>F\u00fcr viele Menschen bedeuten Zahnarztbesuche auch heute noch Stress. Wir nehmen uns ausreichend Zeit f\u00fcr pers\u00f6nliche Beratung, informieren Sie genau \u00fcber jede geplante Ma\u00dfnahme und arbeiten mit schonenden Methoden.<\/p>\n<\/div><div class=\"fusion-clearfix\"><\/div><\/div><\/div><div class=\"fusion-layout-column fusion_builder_column fusion-builder-column-5 fusion_builder_column_1_3 1_3 fusion-one-third fusion-column-last\" style=\"--awb-padding-top:20px;--awb-padding-right:20px;--awb-padding-bottom:20px;--awb-padding-left:20px;--awb-bg-size:cover;--awb-border-color:#cccccc;--awb-border-top:1px;--awb-border-right:1px;--awb-border-bottom:1px;--awb-border-left:1px;--awb-border-style:solid;width:33.333333333333%;width:calc(33.333333333333% - ( ( 4% + 4% ) * 0.33333333333333 ) );\"><div class=\"fusion-column-wrapper fusion-column-has-shadow fusion-flex-column-wrapper-legacy\"><div class=\"fusion-title title fusion-title-3 fusion-sep-none fusion-title-center fusion-title-text fusion-title-size-two\"><h2 class=\"fusion-title-heading title-heading-center fusion-responsive-typography-calculated\" style=\"margin:0;--fontSize:22;--minFontSize:22;line-height:1.23;\">SCHMERZPATIENTEN<\/h2><\/div><div class=\"fusion-text fusion-text-5\"><p>Bitte vereinbaren Sie in jedem Fall telefonisch einen Termin, bevor Sie unsere Ordination aufsuchen. Wir bem\u00fchen uns selbstverst\u00e4ndlich, w\u00e4hrend der Ordinationszeiten f\u00fcr dringende Schmerzf\u00e4lle auch au\u00dferplanm\u00e4\u00dfige Termine zu erm\u00f6glichen.<\/p>\n<\/div><div class=\"fusion-clearfix\"><\/div><\/div><\/div><\/div><\/div><div class=\"fusion-fullwidth fullwidth-box fusion-builder-row-3 nonhundred-percent-fullwidth non-hundred-percent-height-scrolling\" style=\"--awb-border-radius-top-left:0px;--awb-border-radius-top-right:0px;--awb-border-radius-bottom-right:0px;--awb-border-radius-bottom-left:0px;--awb-flex-wrap:wrap;\" ><div class=\"fusion-builder-row fusion-row\"><div class=\"fusion-layout-column fusion_builder_column fusion-builder-column-6 fusion_builder_column_1_1 1_1 fusion-one-full fusion-column-first fusion-column-last\" style=\"--awb-bg-size:cover;\"><div class=\"fusion-column-wrapper fusion-column-has-shadow fusion-flex-column-wrapper-legacy\"><div class=\"fusion-title title fusion-title-4 fusion-title-center fusion-title-text fusion-title-size-two\" style=\"--awb-margin-top:30px;\"><div class=\"title-sep-container title-sep-container-left\"><div class=\"title-sep sep-single sep-solid\" style=\"border-color:#e0dede;\"><\/div><\/div><span class=\"awb-title-spacer\"><\/span><h2 class=\"fusion-title-heading title-heading-center fusion-responsive-typography-calculated\" style=\"margin:0;--fontSize:22;--minFontSize:22;line-height:1.23;\">Ordinationszeiten<\/h2><span class=\"awb-title-spacer\"><\/span><div class=\"title-sep-container title-sep-container-right\"><div class=\"title-sep sep-single sep-solid\" style=\"border-color:#e0dede;\"><\/div><\/div><\/div><div class=\"fusion-text fusion-text-6\"><p style=\"text-align: center;\"><span style=\"font-size: 13px; line-height: 1.0;\"><strong>Bitte vereinbaren Sie in jedem Fall telefonisch einen Termin, bevor Sie in unsere Ordination kommen!<\/strong><br \/>\nDas gilt auch f\u00fcr kurzfristige Termine (Schmerz- und Notfallpatienten).<br \/>\n<\/span><\/p>\n<\/div><div class=\"fusion-clearfix\"><\/div><\/div><\/div><div class=\"fusion-layout-column fusion_builder_column fusion-builder-column-7 fusion_builder_column_1_3 1_3 fusion-one-third fusion-column-first\" style=\"--awb-bg-size:cover;width:33.333333333333%;width:calc(33.333333333333% - ( ( 4% + 4% ) * 0.33333333333333 ) );margin-right: 4%;\"><div class=\"fusion-column-wrapper fusion-column-has-shadow fusion-flex-column-wrapper-legacy\"><div class=\"fusion-text fusion-text-7\"><p style=\"text-align: left;\"><strong><span style=\"font-family: Open Sans; font-size: 18px;\">DR. CHRISTIAN THALER<\/span><\/strong><br \/>\nAlle Kassen und privat.<\/p>\n<p style=\"text-align: left;\"><strong>Montag\u00a0 <\/strong>08:00 \u2013 12:00<br \/>\n<strong>Dienstag<\/strong>\u00a0 13:00 \u2013 19:00<br \/>\n<strong>Mittwoch<\/strong>\u00a0 08:00 \u2013 15:00<br \/>\n<strong>Donnerstag <\/strong>\u00a013:00 \u2013 19:00<\/p>\n<\/div><div class=\"fusion-clearfix\"><\/div><\/div><\/div><div class=\"fusion-layout-column fusion_builder_column fusion-builder-column-8 fusion_builder_column_1_3 1_3 fusion-one-third\" style=\"--awb-bg-size:cover;width:33.333333333333%;width:calc(33.333333333333% - ( ( 4% + 4% ) * 0.33333333333333 ) );margin-right: 4%;\"><div class=\"fusion-column-wrapper fusion-column-has-shadow fusion-flex-column-wrapper-legacy\"><div class=\"fusion-text fusion-text-8\"><p style=\"text-align: left;\"><strong><span style=\"font-family: Open Sans; font-size: 18px;\">DDR. DOMINIK PLASCHKE<\/span><\/strong><br \/>\nAlle Kassen und privat.<\/p>\n<p style=\"text-align: left;\"><strong>Montag <\/strong>08:00 \u2013 13:00, 14:00 \u2013 18:00<br \/>\n<strong>Dienstag<\/strong> 08:00 \u2013 13:00<br \/>\n<strong>Mittwoch<\/strong> 08:00 \u2013 13:00, 14:00 \u2013 18:00<br \/>\n<strong>Donnerstag <\/strong> 08:00 \u2013 13:00<br \/>\n<strong>Freitag<\/strong> 08:00 \u2013 13:00<\/p>\n<\/div><div class=\"fusion-clearfix\"><\/div><\/div><\/div><div class=\"fusion-layout-column fusion_builder_column fusion-builder-column-9 fusion_builder_column_1_3 1_3 fusion-one-third fusion-column-last\" style=\"--awb-bg-size:cover;width:33.333333333333%;width:calc(33.333333333333% - ( ( 4% + 4% ) * 0.33333333333333 ) );\"><div class=\"fusion-column-wrapper fusion-column-has-shadow fusion-flex-column-wrapper-legacy\"><div class=\"fusion-text fusion-text-9\"><p style=\"text-align: left;\"><strong><span style=\"font-family: Open Sans; font-size: 18px;\">DR. MICHAELA ROTH<\/span><\/strong><br \/>\nVertrags\u00e4rztin f\u00fcr KFO (Kassenzahnspange).<br \/>\nAlle Kassen und privat.<\/p>\n<p style=\"text-align: left;\"><strong>Montag<\/strong> 13:00 \u2013 18:00<\/p>\n<\/div><div class=\"fusion-clearfix\"><\/div><\/div><\/div><div class=\"fusion-layout-column fusion_builder_column fusion-builder-column-10 fusion_builder_column_1_1 1_1 fusion-one-full fusion-column-first fusion-column-last\" style=\"--awb-bg-size:cover;\"><div class=\"fusion-column-wrapper fusion-column-has-shadow fusion-flex-column-wrapper-legacy\"><div class=\"fusion-sep-clear\"><\/div><div class=\"fusion-separator fusion-full-width-sep\" style=\"margin-left: auto;margin-right: auto;margin-bottom:30 px;width:100%;\"><div class=\"fusion-separator-border sep-single sep-solid\" style=\"--awb-height:20px;--awb-amount:20px;border-color:#e0dede;border-top-width:1px;\"><\/div><\/div><div class=\"fusion-sep-clear\"><\/div><div class=\"fusion-clearfix\"><\/div><\/div><\/div><\/div><\/div>\n<\/p>\n","protected":false},"excerpt":{"rendered":"","protected":false},"author":1,"featured_media":0,"parent":0,"menu_order":0,"comment_status":"closed","ping_status":"closed","template":"","meta":{"footnotes":""},"class_list":["post-4","page","type-page","status-publish","hentry"],"yoast_head":"<!-- This site is optimized with the Yoast SEO plugin v27.0 - https:\/\/yoast.com\/product\/yoast-seo-wordpress\/ -->\n<title>Zahnarzt Ordination Dr. Thaler Villach<\/title>\n<meta name=\"description\" content=\"Ihre Zahngesundheit in besten H\u00e4nden: Zahnarzt-Ordination im MedCenter Villach-S\u00fcd, Backsteingasse 8. Alle Kassen und privat.\" \/>\n<meta name=\"robots\" content=\"index, follow, max-snippet:-1, max-image-preview:large, max-video-preview:-1\" \/>\n<link rel=\"canonical\" href=\"https:\/\/www.dr-thaler.at\/zahnarzt\/\" \/>\n<meta property=\"og:locale\" content=\"de_DE\" \/>\n<meta property=\"og:type\" content=\"article\" \/>\n<meta property=\"og:title\" content=\"Zahnarzt Ordination Dr. Thaler Villach\" \/>\n<meta property=\"og:description\" content=\"Ihre Zahngesundheit in besten H\u00e4nden: Zahnarzt-Ordination im MedCenter Villach-S\u00fcd, Backsteingasse 8. Alle Kassen und privat.\" \/>\n<meta property=\"og:url\" content=\"https:\/\/www.dr-thaler.at\/zahnarzt\/\" \/>\n<meta property=\"og:site_name\" content=\"Dr. Christian Thaler :: Facharzt f\u00fcr Zahn-, Mund- und Kieferheilkunde in Villach\" \/>\n<meta property=\"article:modified_time\" content=\"2026-02-10T11:50:50+00:00\" \/>\n<meta name=\"twitter:card\" content=\"summary_large_image\" \/>\n<meta name=\"twitter:label1\" content=\"Gesch\u00e4tzte Lesezeit\" \/>\n\t<meta name=\"twitter:data1\" content=\"2\u00a0Minuten\" \/>\n<script type=\"application\/ld+json\" class=\"yoast-schema-graph\">{\"@context\":\"https:\/\/schema.org\",\"@graph\":[{\"@type\":\"WebPage\",\"@id\":\"https:\/\/www.dr-thaler.at\/zahnarzt\/\",\"url\":\"https:\/\/www.dr-thaler.at\/zahnarzt\/\",\"name\":\"Zahnarzt Ordination Dr. Thaler Villach\",\"isPartOf\":{\"@id\":\"https:\/\/www.dr-thaler.at\/zahnarzt\/#website\"},\"datePublished\":\"2020-02-25T19:37:09+00:00\",\"dateModified\":\"2026-02-10T11:50:50+00:00\",\"description\":\"Ihre Zahngesundheit in besten H\u00e4nden: Zahnarzt-Ordination im MedCenter Villach-S\u00fcd, Backsteingasse 8. Alle Kassen und privat.\",\"breadcrumb\":{\"@id\":\"https:\/\/www.dr-thaler.at\/zahnarzt\/#breadcrumb\"},\"inLanguage\":\"de\",\"potentialAction\":[{\"@type\":\"ReadAction\",\"target\":[\"https:\/\/www.dr-thaler.at\/zahnarzt\/\"]}]},{\"@type\":\"BreadcrumbList\",\"@id\":\"https:\/\/www.dr-thaler.at\/zahnarzt\/#breadcrumb\",\"itemListElement\":[{\"@type\":\"ListItem\",\"position\":1,\"name\":\"Startseite\",\"item\":\"https:\/\/www.dr-thaler.at\/zahnarzt\/\"},{\"@type\":\"ListItem\",\"position\":2,\"name\":\"Zahnarzt Dr. Christian Thaler\"}]},{\"@type\":\"WebSite\",\"@id\":\"https:\/\/www.dr-thaler.at\/zahnarzt\/#website\",\"url\":\"https:\/\/www.dr-thaler.at\/zahnarzt\/\",\"name\":\"Dr. Christian Thaler :: Facharzt f\u00fcr Zahn-, Mund- und Kieferheilkunde in Villach\",\"description\":\"MedCenter Villach-S\u00fcd, Backsteingasse 8\",\"publisher\":{\"@id\":\"https:\/\/www.dr-thaler.at\/zahnarzt\/#organization\"},\"potentialAction\":[{\"@type\":\"SearchAction\",\"target\":{\"@type\":\"EntryPoint\",\"urlTemplate\":\"https:\/\/www.dr-thaler.at\/zahnarzt\/?s={search_term_string}\"},\"query-input\":{\"@type\":\"PropertyValueSpecification\",\"valueRequired\":true,\"valueName\":\"search_term_string\"}}],\"inLanguage\":\"de\"},{\"@type\":\"Organization\",\"@id\":\"https:\/\/www.dr-thaler.at\/zahnarzt\/#organization\",\"name\":\"Zahnarzt Ordination Dr. Thaler Villach\",\"url\":\"https:\/\/www.dr-thaler.at\/zahnarzt\/\",\"logo\":{\"@type\":\"ImageObject\",\"inLanguage\":\"de\",\"@id\":\"https:\/\/www.dr-thaler.at\/zahnarzt\/#\/schema\/logo\/image\/\",\"url\":\"https:\/\/www.dr-thaler.at\/zahnarzt\/wp-content\/uploads\/2016\/04\/Logo_THALER-ZAHNARZT_web-retina.png\",\"contentUrl\":\"https:\/\/www.dr-thaler.at\/zahnarzt\/wp-content\/uploads\/2016\/04\/Logo_THALER-ZAHNARZT_web-retina.png\",\"width\":573,\"height\":200,\"caption\":\"Zahnarzt Ordination Dr. Thaler Villach\"},\"image\":{\"@id\":\"https:\/\/www.dr-thaler.at\/zahnarzt\/#\/schema\/logo\/image\/\"}}]}<\/script>\n<!-- \/ Yoast SEO plugin. -->","yoast_head_json":{"title":"Zahnarzt Ordination Dr. Thaler Villach","description":"Ihre Zahngesundheit in besten H\u00e4nden: Zahnarzt-Ordination im MedCenter Villach-S\u00fcd, Backsteingasse 8. Alle Kassen und privat.","robots":{"index":"index","follow":"follow","max-snippet":"max-snippet:-1","max-image-preview":"max-image-preview:large","max-video-preview":"max-video-preview:-1"},"canonical":"https:\/\/www.dr-thaler.at\/zahnarzt\/","og_locale":"de_DE","og_type":"article","og_title":"Zahnarzt Ordination Dr. Thaler Villach","og_description":"Ihre Zahngesundheit in besten H\u00e4nden: Zahnarzt-Ordination im MedCenter Villach-S\u00fcd, Backsteingasse 8. Alle Kassen und privat.","og_url":"https:\/\/www.dr-thaler.at\/zahnarzt\/","og_site_name":"Dr. Christian Thaler :: Facharzt f\u00fcr Zahn-, Mund- und Kieferheilkunde in Villach","article_modified_time":"2026-02-10T11:50:50+00:00","twitter_card":"summary_large_image","twitter_misc":{"Gesch\u00e4tzte Lesezeit":"2\u00a0Minuten"},"schema":{"@context":"https:\/\/schema.org","@graph":[{"@type":"WebPage","@id":"https:\/\/www.dr-thaler.at\/zahnarzt\/","url":"https:\/\/www.dr-thaler.at\/zahnarzt\/","name":"Zahnarzt Ordination Dr. Thaler Villach","isPartOf":{"@id":"https:\/\/www.dr-thaler.at\/zahnarzt\/#website"},"datePublished":"2020-02-25T19:37:09+00:00","dateModified":"2026-02-10T11:50:50+00:00","description":"Ihre Zahngesundheit in besten H\u00e4nden: Zahnarzt-Ordination im MedCenter Villach-S\u00fcd, Backsteingasse 8. Alle Kassen und privat.","breadcrumb":{"@id":"https:\/\/www.dr-thaler.at\/zahnarzt\/#breadcrumb"},"inLanguage":"de","potentialAction":[{"@type":"ReadAction","target":["https:\/\/www.dr-thaler.at\/zahnarzt\/"]}]},{"@type":"BreadcrumbList","@id":"https:\/\/www.dr-thaler.at\/zahnarzt\/#breadcrumb","itemListElement":[{"@type":"ListItem","position":1,"name":"Startseite","item":"https:\/\/www.dr-thaler.at\/zahnarzt\/"},{"@type":"ListItem","position":2,"name":"Zahnarzt Dr. Christian Thaler"}]},{"@type":"WebSite","@id":"https:\/\/www.dr-thaler.at\/zahnarzt\/#website","url":"https:\/\/www.dr-thaler.at\/zahnarzt\/","name":"Dr. Christian Thaler :: Facharzt f\u00fcr Zahn-, Mund- und Kieferheilkunde in Villach","description":"MedCenter Villach-S\u00fcd, Backsteingasse 8","publisher":{"@id":"https:\/\/www.dr-thaler.at\/zahnarzt\/#organization"},"potentialAction":[{"@type":"SearchAction","target":{"@type":"EntryPoint","urlTemplate":"https:\/\/www.dr-thaler.at\/zahnarzt\/?s={search_term_string}"},"query-input":{"@type":"PropertyValueSpecification","valueRequired":true,"valueName":"search_term_string"}}],"inLanguage":"de"},{"@type":"Organization","@id":"https:\/\/www.dr-thaler.at\/zahnarzt\/#organization","name":"Zahnarzt Ordination Dr. Thaler Villach","url":"https:\/\/www.dr-thaler.at\/zahnarzt\/","logo":{"@type":"ImageObject","inLanguage":"de","@id":"https:\/\/www.dr-thaler.at\/zahnarzt\/#\/schema\/logo\/image\/","url":"https:\/\/www.dr-thaler.at\/zahnarzt\/wp-content\/uploads\/2016\/04\/Logo_THALER-ZAHNARZT_web-retina.png","contentUrl":"https:\/\/www.dr-thaler.at\/zahnarzt\/wp-content\/uploads\/2016\/04\/Logo_THALER-ZAHNARZT_web-retina.png","width":573,"height":200,"caption":"Zahnarzt Ordination Dr. Thaler Villach"},"image":{"@id":"https:\/\/www.dr-thaler.at\/zahnarzt\/#\/schema\/logo\/image\/"}}]}},"_links":{"self":[{"href":"https:\/\/www.dr-thaler.at\/zahnarzt\/wp-json\/wp\/v2\/pages\/4","targetHints":{"allow":["GET"]}}],"collection":[{"href":"https:\/\/www.dr-thaler.at\/zahnarzt\/wp-json\/wp\/v2\/pages"}],"about":[{"href":"https:\/\/www.dr-thaler.at\/zahnarzt\/wp-json\/wp\/v2\/types\/page"}],"author":[{"embeddable":true,"href":"https:\/\/www.dr-thaler.at\/zahnarzt\/wp-json\/wp\/v2\/users\/1"}],"replies":[{"embeddable":true,"href":"https:\/\/www.dr-thaler.at\/zahnarzt\/wp-json\/wp\/v2\/comments?post=4"}],"version-history":[{"count":4,"href":"https:\/\/www.dr-thaler.at\/zahnarzt\/wp-json\/wp\/v2\/pages\/4\/revisions"}],"predecessor-version":[{"id":564,"href":"https:\/\/www.dr-thaler.at\/zahnarzt\/wp-json\/wp\/v2\/pages\/4\/revisions\/564"}],"wp:attachment":[{"href":"https:\/\/www.dr-thaler.at\/zahnarzt\/wp-json\/wp\/v2\/media?parent=4"}],"curies":[{"name":"wp","href":"https:\/\/api.w.org\/{rel}","templated":true}]}}