{"id":484,"date":"2022-08-25T11:43:17","date_gmt":"2022-08-25T09:43:17","guid":{"rendered":"https:\/\/www.dr-thaler.at\/zahnarzt\/?page_id=484"},"modified":"2022-08-25T14:26:01","modified_gmt":"2022-08-25T12:26:01","slug":"datenschutzerklaerung","status":"publish","type":"page","link":"https:\/\/www.dr-thaler.at\/zahnarzt\/datenschutzerklaerung\/","title":{"rendered":"Datenschutzerkl\u00e4rung"},"content":{"rendered":"<p><div class=\"fusion-fullwidth fullwidth-box fusion-builder-row-1 fusion-flex-container has-pattern-background has-mask-background nonhundred-percent-fullwidth non-hundred-percent-height-scrolling\" style=\"--awb-border-radius-top-left:0px;--awb-border-radius-top-right:0px;--awb-border-radius-bottom-right:0px;--awb-border-radius-bottom-left:0px;--awb-flex-wrap:wrap;\" ><div class=\"fusion-builder-row fusion-row fusion-flex-align-items-flex-start fusion-flex-content-wrap\" style=\"max-width:1144px;margin-left: calc(-4% \/ 2 );margin-right: calc(-4% \/ 2 );\"><div class=\"fusion-layout-column fusion_builder_column fusion-builder-column-0 fusion_builder_column_1_1 1_1 fusion-flex-column\" style=\"--awb-bg-size:cover;--awb-width-large:100%;--awb-margin-top-large:0px;--awb-spacing-right-large:1.92%;--awb-margin-bottom-large:20px;--awb-spacing-left-large:1.92%;--awb-width-medium:100%;--awb-order-medium:0;--awb-spacing-right-medium:1.92%;--awb-spacing-left-medium:1.92%;--awb-width-small:100%;--awb-order-small:0;--awb-spacing-right-small:1.92%;--awb-spacing-left-small:1.92%;\"><div class=\"fusion-column-wrapper fusion-column-has-shadow fusion-flex-justify-content-flex-start fusion-content-layout-column\"><div class=\"fusion-title title fusion-title-1 fusion-sep-none fusion-title-text fusion-title-size-one\"><h1 class=\"fusion-title-heading title-heading-left fusion-responsive-typography-calculated\" style=\"margin:0;--fontSize:34;line-height:1.2;\">Datenschutzerkl\u00e4rung<\/h1><\/div><div class=\"fusion-text fusion-text-1\"><div class=\"fusion-text fusion-text-1\">\n<p>Diese Datenschutzerkl\u00e4rung kl\u00e4rt \u00fcber die Art, den Umfang und Zweck der Verarbeitung (u.a. Erhebung, Verarbeitung und Nutzung sowie Einholung von Einwilligungen) von personenbezogenen Daten innerhalb unseres Onlineangebotes und der mit ihm verbundenen Webseiten, Funktionen und Inhalte (nachfolgend gemeinsam bezeichnet als \u201cOnlineangebot\u201d oder \u201cWebsite\u201d) auf. Die Datenschutzerkl\u00e4rung gilt unabh\u00e4ngig von den verwendeten Domains, Systemen, Plattformen und Ger\u00e4ten (z.B. Desktop oder Mobile) auf denen das Onlineangebot ausgef\u00fchrt wird.<\/p>\n<p>Anbieter des Onlineangebotes und die <strong>datenschutzrechtlich verantwortliche Person<\/strong> ist Dr. med. Christian Thaler, Facharzt und Betreiber einer Ordination f\u00fcr <span class=\"thalertitel\">Mund-, Zahn- und Kieferheilkunde<\/span> in Villach, Backsteingasse 8 (nachfolgend bezeichnet als \u201cAnbieterIn\u201d, \u201cwir\u201d oder \u201cuns\u201d). F\u00fcr die Kontaktm\u00f6glichkeiten verweisen wir auf unser <a href=\"https:\/\/www.dr-thaler.at\/zahnarzt\/impressum\/\">Impressum<\/a>.<\/p>\n<p>Der Begriff \u201cNutzer\u201d umfasst alle Kunden und Besucher unseres Onlineangebotes.<\/p>\n<div class=\"fusion-text fusion-text-2\">\n<h3 class=\"fusion-responsive-typography-calculated\" data-fontsize=\"24\" data-lineheight=\"36px\">Grunds\u00e4tzliche Angaben zur Datenverarbeitung<\/h3>\n<p>Wir nehmen den Schutz Ihrer pers\u00f6nlichen Daten sehr ernst und verarbeiten Ihre Daten daher auf Grundlage der gesetzlichen Bestimmungen (DSGVO, TKG 2021). Die Nutzung dieser Webseite ist prinzipiell ohne Angabe personenbezogener Daten m\u00f6glich, wir nutzen jedoch Cookies, um die Nutzungsh\u00e4ufigkeit und die Anzahl der Nutzer unserer Internetseiten zu ermitteln. Detaillierte Informationen dazu und wie Sie die Verwendung von Cookies unterbinden k\u00f6nnen, finden Sie finden Sie unter dem nachfolgenden Punkt \u201eEinsatz von Cookies\u201c.<\/p>\n<p>Dar\u00fcber hinaus erhebt und speichert unser Internet Service Provider (<span data-original-name=\"HostProfis ISP Telekom GmbH\">HostProfis ISP Telekom GmbH, 9500 Villach, Tiroler Stra\u00dfe 17) <\/span>automatisch Informationen (sogenannte <strong>Server-Logfiles<\/strong> wie verwendeter Browser, Betriebssystem, Verweisseite, IP-Adresse, Uhrzeit des Zugriffs usw.) am Server, die f\u00fcr eine begrenzte Zeit gespeichert bleiben. Diese Daten dienen ausschlie\u00dflich der \u00dcberpr\u00fcfung der Systemsicherheit. Es erfolgt keine personenbezogene Auswertung oder Profilbildung. Dessen ungeachtet behalten wir uns vor, Ihre IP-Adresse bei einer rechtswidrigen Nutzung unserer Webseite enstprechend auszuwerten.<\/p>\n<p>Wenn Sie uns eine E-Mail-Nachricht schicken oder das Kontaktformular nutzen, werden Ihre angegebenen Daten zwecks Bearbeitung der Anfrage bis zur vollst\u00e4ndigen Erledigung Ihres Anliegens bzw. Ihrer Anfrage bei uns gespeichert. Eine Weitergabe der Daten an Dritte findet nicht statt.<\/p>\n<p>Ihre personenbezogenen Daten werden nur so lange aufbewahrt, wie dies f\u00fcr die genannten Zwecke notwendig ist, es sei denn, es bestehen dar\u00fcber hinaus gehende gesetzliche oder vertragliche Aufbewahrungspflichten (z.B. handels-und steuerrechtliche Aufbewahrungspflichten).<\/p>\n<\/div>\n<div class=\"fusion-text\">\n<h3 class=\"fusion-responsive-typography-calculated\" data-fontsize=\"24\" data-lineheight=\"36px\">Recht auf Auskunft<\/h3>\n<p>Ihnen stehen grunds\u00e4tzlich die Rechte auf Auskunft, Berichtigung, L\u00f6schung, Einschr\u00e4nkung, Daten\u00fcbertragbarkeit, Widerruf und Widerspruch zu. Wenn Sie glauben, dass die Verarbeitung Ihrer Daten gegen das Datenschutzrecht verst\u00f6\u00dft oder Ihre datenschutzrechtlichen Anspr\u00fcche sonst in einer Weise verletzt worden sind, k\u00f6nnen Sie bei uns kostenlos und jederzeit Ihr Recht auf Auskunft, Berichtigung, L\u00f6schung, Einschr\u00e4nkung, Daten\u00fcbertragbarkeit, Widerruf und Widerspruch einfordern oder sich bei der Aufsichtsbeh\u00f6rde beschweren. In \u00d6sterreich ist dies die Datenschutzbeh\u00f6rde.<\/p>\n<\/div>\n<\/div>\n<\/div><\/div><\/div><\/div><\/div><div id=\"cookies\" class=\"fusion-container-anchor\"><div class=\"fusion-fullwidth fullwidth-box fusion-builder-row-2 fusion-flex-container has-pattern-background has-mask-background nonhundred-percent-fullwidth non-hundred-percent-height-scrolling\" style=\"--awb-border-radius-top-left:0px;--awb-border-radius-top-right:0px;--awb-border-radius-bottom-right:0px;--awb-border-radius-bottom-left:0px;--awb-flex-wrap:wrap;\" ><div class=\"fusion-builder-row fusion-row fusion-flex-align-items-flex-start fusion-flex-content-wrap\" style=\"max-width:1144px;margin-left: calc(-4% \/ 2 );margin-right: calc(-4% \/ 2 );\"><div class=\"fusion-layout-column fusion_builder_column fusion-builder-column-1 fusion_builder_column_1_1 1_1 fusion-flex-column\" style=\"--awb-bg-size:cover;--awb-width-large:100%;--awb-margin-top-large:0px;--awb-spacing-right-large:1.92%;--awb-margin-bottom-large:20px;--awb-spacing-left-large:1.92%;--awb-width-medium:100%;--awb-order-medium:0;--awb-spacing-right-medium:1.92%;--awb-spacing-left-medium:1.92%;--awb-width-small:100%;--awb-order-small:0;--awb-spacing-right-small:1.92%;--awb-spacing-left-small:1.92%;\"><div class=\"fusion-column-wrapper fusion-column-has-shadow fusion-flex-justify-content-flex-start fusion-content-layout-column\"><div class=\"fusion-text fusion-text-2\"><h2 class=\"fusion-responsive-typography-calculated\" data-fontsize=\"24\" data-lineheight=\"36px\">Einsatz von Cookies und \u00e4hnlichen Technologien<\/h2>\n<\/div><div class=\"fusion-text fusion-text-3\"><p>Wir verwenden auf unserer Website Cookies, insbesondere um die Nutzungsh\u00e4ufigkeit und die Anzahl der Nutzer unserer Internetseiten zu ermitteln. Hierbei handelt es sich um kleine Dateien, die Ihr Browser automatisch erstellt und die auf Ihrem Endger\u00e4t (Laptop, Tablet, Smartphone o.\u00e4.) gespeichert werden, wenn Sie unsere Seite besuchen. In dem Cookie werden Informationen abgelegt, die sich jeweils im Zusammenhang mit dem spezifisch eingesetzten Endger\u00e4t ergeben. Dies bedeutet jedoch nicht, dass wir dadurch unmittelbar Kenntnis von Ihrer Identit\u00e4t erhalten. Die meisten Browser akzeptieren Cookies automatisch. Sie k\u00f6nnen Ihren Browser jedoch so konfigurieren, dass keine Cookies auf Ihrem Computer gespeichert werden oder stets ein Hinweis erscheint, bevor ein neuer Cookie angelegt wird. Sie k\u00f6nnen Cookies auch jederzeit von der Festplatte ihres PCs l\u00f6schen oder die Cookie <strong><a role='button' tabindex='0' class=\"cli_settings_button\">Einstellungen anpassen<\/a><\/strong> (f\u00fcr diese Website). Die Deaktivierung von Cookies kann unter Umst\u00e4nden die Funktionalit\u00e4t unserer Website einschr\u00e4nken.<\/p>\n<\/div><div class=\"fusion-text fusion-text-4\"><h3 class=\"fusion-responsive-typography-calculated\" data-fontsize=\"24\" data-lineheight=\"36px\">Google Analytics<\/h3>\n<div id=\"collapse-b95809eb-e592-11e7-bce3-40f2e90e8d04-0\" class=\"collapse in\" aria-expanded=\"true\">\n<div class=\"content\">\n<div class=\"copy \">\n<p>Auf dieser Webseite verwenden wir Google Analytics, einen Webanalysedienst der Google LLC, 1600 Amphitheatre Parkway, Mountain View, CA 94043, United States (\u201eGoogle\u201c). Google analysiert in unserem Auftrag Ihre Nutzung dieser Webseite. Hierf\u00fcr werden u.a. Informationen \u00fcber Ihre Nutzung dieser Webseite, Ihr verwendeter Browser-Typ und dessen Version, Ihr verwendetes Betriebssystem, Ihre Spracheinstellungen, das Datum und die Uhrzeit Ihrer Abfrage sowie die Referrer-URL (zuvor besuchte Webseite) erhoben und an einen Server von Google in die USA \u00fcbertragen, dort gespeichert, analysiert und uns in anonymisierter Form zur Verf\u00fcgung gestellt. Google setzt hierf\u00fcr ein permanentes Cookie in Ihren Internet-Browser. Mit Hilfe dieses Cookies ist auch eine Wiedererkennung Ihres Browsers bei einem erneuten Besuch dieser Webseite m\u00f6glich.<\/p>\n<p>Wir haben auf dieser Webseite die von Google angebotene IP-Anonymisierungsfunktion aktiviert, sodass Ihre IP-Adresse von Google innerhalb von Mitgliedstaaten der Europ\u00e4ischen Union oder des EWR (Europ\u00e4ischer Wirtschaftsraum) gek\u00fcrzt und lediglich in anonymisierter Form in die USA \u00fcbermittelt wird. Nur in Ausnahmef\u00e4llen wird die volle IP-Adresse an einen Server von Google in die USA \u00fcbertragen und dort gek\u00fcrzt. F\u00fcr diese F\u00e4lle haben wir mit Google vertraglich angemessene Sicherheitsma\u00dfnahmen vereinbart (Vertrag zur Auftragsdatenverarbeitung).<\/p>\n<p>Die IP Adresse Ihres Browsers, die von Google Analytics erhoben wird, wird nicht mit anderen Daten von Google zusammengef\u00fchrt. Wir nutzen Google Analytics, um die Nutzung unserer Webseite analysieren und regelm\u00e4\u00dfig verbessern zu k\u00f6nnen. \u00dcber die gewonnenen Statistiken k\u00f6nnen wir unser Angebot verbessern und f\u00fcr Sie als Nutzer interessanter ausgestalten.<\/p>\n<p>Sie k\u00f6nnen Ihre erteilte Einwilligung zur Webanalyse durch Google im Allgemeinen jederzeit widerrufen, indem Sie das <a href=\"https:\/\/tools.google.com\/dlpage\/gaoptout?hl=de\" target=\"_blank\" rel=\"noopener\">verf\u00fcgbare Browser-Plugin von Google<\/a> herunterladen und installieren. Alternativ dazu k\u00f6nnen Sie <a class=\"gaoo-opt-out google-analytics-opt-out\" href=\"javascript:gaoop_analytics_optout();\">hier klicken<\/a>, um die Analyse der Nutzung unserer Website durch Google zu verbieten.<\/p>\n<\/div>\n<\/div>\n<\/div>\n<\/div><div class=\"fusion-text fusion-text-5\"><h3 class=\"fusion-responsive-typography-calculated\" data-fontsize=\"24\" data-lineheight=\"36px\">Google Fonts<\/h3>\n<div id=\"collapse-b95809eb-e592-11e7-bce3-40f2e90e8d04-0\" class=\"collapse in\" aria-expanded=\"true\">\n<div class=\"content\">\n<div class=\"copy \">\n<p>Auf dieser Webseite verwenden wir Google Fonts, einen Dienst der Google LLC, 1600 Amphitheatre Parkway, Mountain View, CA 94043, United States (\u201eGoogle\u201c), der uns die Verwendung externer Schriftarten, sogenannter Google Fonts, erm\u00f6glicht. Wir bedienen uns dabei einer Technik, durch die die ben\u00f6tigte Schriftart vorab auf unserem Server zwischengespeichert wird. Eine direkte Verbindung Ihres Webbrowsers mit dem Google Server in den USA findet daher nicht statt. Dadurch wird verhindert, dass Ihre IP-Adresse an Google \u00fcbermittelt wird.<\/p>\n<p>Weitere Informationen zum Datenschutz und der Sicherheit Ihrer Daten bei Google k\u00f6nnen in der <a href=\"https:\/\/policies.google.com\/privacy?hl=de\" target=\"_blank\" rel=\"noopener\">Datenschutzerkl\u00e4rung von Google<\/a> nachlesen.<\/p>\n<p><strong>Drittlandtransfer<\/strong><br \/>Soweit Daten au\u00dferhalb der EU\/des EWR verarbeitet werden und kein dem europ\u00e4ischen Standard entsprechendes Datenschutzniveau besteht, haben wir zur Herstellung eines angemessenen Datenschutzniveaus <a href=\"https:\/\/business.safety.google\/adsprocessorterms\/sccs\/eu-c2p\/\" target=\"_blank\" rel=\"noopener\">mit dem Dienstleister EU-Standardvertragsklauseln<\/a> geschlossen. Die Muttergesellschaft von Google Ireland, Google LLC, hat Ihren Sitz in Kalifornien, USA. Eine \u00dcbermittlung von Daten in die USA und ein Zugriff US-amerikanischer Beh\u00f6rden auf die bei Google gespeicherten Daten kann nicht ausgeschlossen werden. Die USA gelten derzeit aus datenschutzrechtlicher Sicht als Drittland. Sie haben dort nicht die gleichen Rechte wie innerhalb der EU\/ des EWR. Ggf. stehen Ihnen keine Rechtsbehelfe gegen Zugriffe von Beh\u00f6rden zu.<\/p>\n<p>Informationen des Drittanbieters: Google Dublin, Google Ireland Ltd., Gordon House, Barrow Street, Dublin 4, Ireland, Fax: +353 (1) 436 1001. Nutzerbedingungen: <a href=\"https:\/\/www.google.com\/analytics\/terms\/de.html\" target=\"_blank\" rel=\"noopener\">http:\/\/www.google.com\/analytics\/terms\/de.html<\/a><\/p>\n<\/div>\n<\/div>\n<\/div>\n<\/div><\/div><\/div><\/div><\/div><\/div><div id=\"cookies\" class=\"fusion-container-anchor\"><div class=\"fusion-fullwidth fullwidth-box fusion-builder-row-3 fusion-flex-container has-pattern-background has-mask-background nonhundred-percent-fullwidth non-hundred-percent-height-scrolling\" style=\"--awb-border-radius-top-left:0px;--awb-border-radius-top-right:0px;--awb-border-radius-bottom-right:0px;--awb-border-radius-bottom-left:0px;--awb-flex-wrap:wrap;\" ><div class=\"fusion-builder-row fusion-row fusion-flex-align-items-flex-start fusion-flex-content-wrap\" style=\"max-width:1144px;margin-left: calc(-4% \/ 2 );margin-right: calc(-4% \/ 2 );\"><div class=\"fusion-layout-column fusion_builder_column fusion-builder-column-2 fusion_builder_column_1_1 1_1 fusion-flex-column\" style=\"--awb-bg-size:cover;--awb-width-large:100%;--awb-margin-top-large:0px;--awb-spacing-right-large:1.92%;--awb-margin-bottom-large:20px;--awb-spacing-left-large:1.92%;--awb-width-medium:100%;--awb-order-medium:0;--awb-spacing-right-medium:1.92%;--awb-spacing-left-medium:1.92%;--awb-width-small:100%;--awb-order-small:0;--awb-spacing-right-small:1.92%;--awb-spacing-left-small:1.92%;\"><div class=\"fusion-column-wrapper fusion-column-has-shadow fusion-flex-justify-content-flex-start fusion-content-layout-column\"><div class=\"fusion-text fusion-text-6\"><h2 class=\"fusion-responsive-typography-calculated\" data-fontsize=\"24\" data-lineheight=\"36px\">Externe Inhalte und Services<\/h2>\n<\/div><div class=\"fusion-text fusion-text-7\"><h3 class=\"fusion-responsive-typography-calculated\" data-fontsize=\"24\" data-lineheight=\"36px\">Social Media Plugins<\/h3>\n<p>Auf diesen Seiten werden keine Plugins von sozialen Netzwerken (Facebook, Twitter, etc.) verwendet, die automatisch eine Verbindung zwischen Ihrem Browser und dem Plugin-Server herstellen. Wir haben jedoch fallweise Links zu jenen Social Media Netzwerken gelegt, die wir selbst f\u00fcr PR-Zwecke verwenden. Wenn Sie diesen Links folgen (also auf den Link, gegebenenfalls auch Icon klicken) und sicher gehen wollen, dass Ihr Besuch auf unserer Website nicht Ihrem eigenen Social Network Benutzerkonto zugeordnet werden kann, so empfehlen wir Ihnen, sich aus dem jeweiligen Social Network Benutzerkonto auszuloggen.<\/p>\n<\/div><\/div><\/div><\/div><\/div><\/div><\/p>\n","protected":false},"excerpt":{"rendered":"","protected":false},"author":1,"featured_media":0,"parent":0,"menu_order":0,"comment_status":"closed","ping_status":"closed","template":"","meta":{"footnotes":""},"class_list":["post-484","page","type-page","status-publish","hentry"],"yoast_head":"<!-- This site is optimized with the Yoast SEO plugin v27.0 - https:\/\/yoast.com\/product\/yoast-seo-wordpress\/ -->\n<title>Dr. Christian Thaler :: Facharzt f\u00fcr Zahn-, Mund- und Kieferheilkunde in Villach | Datenschutzerkl\u00e4rung<\/title>\n<meta name=\"description\" content=\"Diese Datenschutzerkl\u00e4rung kl\u00e4rt \u00fcber die Art, den Umfang und Zweck der Verarbeitung (u.a. Erhebung, Verarbeitung und Nutzung sowie Einholung von Einwilligungen) von personenbezogenen Daten innerhalb unseres Onlineangebotes und der mit ihm verbundenen Webseiten, Funktionen und Inhalte (nachfolgend gemeinsam bezeichnet als \u201cOnlineangebot\u201d oder \u201cWebsite\u201d) auf.\" \/>\n<meta name=\"robots\" content=\"index, follow, max-snippet:-1, max-image-preview:large, max-video-preview:-1\" \/>\n<link rel=\"canonical\" href=\"https:\/\/www.dr-thaler.at\/zahnarzt\/datenschutzerklaerung\/\" \/>\n<meta property=\"og:locale\" content=\"de_DE\" \/>\n<meta property=\"og:type\" content=\"article\" \/>\n<meta property=\"og:title\" content=\"Dr. Christian Thaler :: Facharzt f\u00fcr Zahn-, Mund- und Kieferheilkunde in Villach | Datenschutzerkl\u00e4rung\" \/>\n<meta property=\"og:description\" content=\"Diese Datenschutzerkl\u00e4rung kl\u00e4rt \u00fcber die Art, den Umfang und Zweck der Verarbeitung (u.a. Erhebung, Verarbeitung und Nutzung sowie Einholung von Einwilligungen) von personenbezogenen Daten innerhalb unseres Onlineangebotes und der mit ihm verbundenen Webseiten, Funktionen und Inhalte (nachfolgend gemeinsam bezeichnet als \u201cOnlineangebot\u201d oder \u201cWebsite\u201d) auf.\" \/>\n<meta property=\"og:url\" content=\"https:\/\/www.dr-thaler.at\/zahnarzt\/datenschutzerklaerung\/\" \/>\n<meta property=\"og:site_name\" content=\"Dr. Christian Thaler :: Facharzt f\u00fcr Zahn-, Mund- und Kieferheilkunde in Villach\" \/>\n<meta property=\"article:modified_time\" content=\"2022-08-25T12:26:01+00:00\" \/>\n<meta name=\"twitter:card\" content=\"summary_large_image\" \/>\n<meta name=\"twitter:label1\" content=\"Gesch\u00e4tzte Lesezeit\" \/>\n\t<meta name=\"twitter:data1\" content=\"13\u00a0Minuten\" \/>\n<script type=\"application\/ld+json\" class=\"yoast-schema-graph\">{\"@context\":\"https:\/\/schema.org\",\"@graph\":[{\"@type\":\"WebPage\",\"@id\":\"https:\/\/www.dr-thaler.at\/zahnarzt\/datenschutzerklaerung\/\",\"url\":\"https:\/\/www.dr-thaler.at\/zahnarzt\/datenschutzerklaerung\/\",\"name\":\"Dr. Christian Thaler :: Facharzt f\u00fcr Zahn-, Mund- und Kieferheilkunde in Villach | Datenschutzerkl\u00e4rung\",\"isPartOf\":{\"@id\":\"https:\/\/www.dr-thaler.at\/zahnarzt\/#website\"},\"datePublished\":\"2022-08-25T09:43:17+00:00\",\"dateModified\":\"2022-08-25T12:26:01+00:00\",\"description\":\"Diese Datenschutzerkl\u00e4rung kl\u00e4rt \u00fcber die Art, den Umfang und Zweck der Verarbeitung (u.a. Erhebung, Verarbeitung und Nutzung sowie Einholung von Einwilligungen) von personenbezogenen Daten innerhalb unseres Onlineangebotes und der mit ihm verbundenen Webseiten, Funktionen und Inhalte (nachfolgend gemeinsam bezeichnet als \u201cOnlineangebot\u201d oder \u201cWebsite\u201d) auf.\",\"breadcrumb\":{\"@id\":\"https:\/\/www.dr-thaler.at\/zahnarzt\/datenschutzerklaerung\/#breadcrumb\"},\"inLanguage\":\"de\",\"potentialAction\":[{\"@type\":\"ReadAction\",\"target\":[\"https:\/\/www.dr-thaler.at\/zahnarzt\/datenschutzerklaerung\/\"]}]},{\"@type\":\"BreadcrumbList\",\"@id\":\"https:\/\/www.dr-thaler.at\/zahnarzt\/datenschutzerklaerung\/#breadcrumb\",\"itemListElement\":[{\"@type\":\"ListItem\",\"position\":1,\"name\":\"Startseite\",\"item\":\"https:\/\/www.dr-thaler.at\/zahnarzt\/\"},{\"@type\":\"ListItem\",\"position\":2,\"name\":\"Datenschutzerkl\u00e4rung\"}]},{\"@type\":\"WebSite\",\"@id\":\"https:\/\/www.dr-thaler.at\/zahnarzt\/#website\",\"url\":\"https:\/\/www.dr-thaler.at\/zahnarzt\/\",\"name\":\"Dr. Christian Thaler :: Facharzt f\u00fcr Zahn-, Mund- und Kieferheilkunde in Villach\",\"description\":\"MedCenter Villach-S\u00fcd, Backsteingasse 8\",\"publisher\":{\"@id\":\"https:\/\/www.dr-thaler.at\/zahnarzt\/#organization\"},\"potentialAction\":[{\"@type\":\"SearchAction\",\"target\":{\"@type\":\"EntryPoint\",\"urlTemplate\":\"https:\/\/www.dr-thaler.at\/zahnarzt\/?s={search_term_string}\"},\"query-input\":{\"@type\":\"PropertyValueSpecification\",\"valueRequired\":true,\"valueName\":\"search_term_string\"}}],\"inLanguage\":\"de\"},{\"@type\":\"Organization\",\"@id\":\"https:\/\/www.dr-thaler.at\/zahnarzt\/#organization\",\"name\":\"Zahnarzt Ordination Dr. Thaler Villach\",\"url\":\"https:\/\/www.dr-thaler.at\/zahnarzt\/\",\"logo\":{\"@type\":\"ImageObject\",\"inLanguage\":\"de\",\"@id\":\"https:\/\/www.dr-thaler.at\/zahnarzt\/#\/schema\/logo\/image\/\",\"url\":\"https:\/\/www.dr-thaler.at\/zahnarzt\/wp-content\/uploads\/2016\/04\/Logo_THALER-ZAHNARZT_web-retina.png\",\"contentUrl\":\"https:\/\/www.dr-thaler.at\/zahnarzt\/wp-content\/uploads\/2016\/04\/Logo_THALER-ZAHNARZT_web-retina.png\",\"width\":573,\"height\":200,\"caption\":\"Zahnarzt Ordination Dr. Thaler Villach\"},\"image\":{\"@id\":\"https:\/\/www.dr-thaler.at\/zahnarzt\/#\/schema\/logo\/image\/\"}}]}<\/script>\n<!-- \/ Yoast SEO plugin. -->","yoast_head_json":{"title":"Dr. Christian Thaler :: Facharzt f\u00fcr Zahn-, Mund- und Kieferheilkunde in Villach | Datenschutzerkl\u00e4rung","description":"Diese Datenschutzerkl\u00e4rung kl\u00e4rt \u00fcber die Art, den Umfang und Zweck der Verarbeitung (u.a. Erhebung, Verarbeitung und Nutzung sowie Einholung von Einwilligungen) von personenbezogenen Daten innerhalb unseres Onlineangebotes und der mit ihm verbundenen Webseiten, Funktionen und Inhalte (nachfolgend gemeinsam bezeichnet als \u201cOnlineangebot\u201d oder \u201cWebsite\u201d) auf.","robots":{"index":"index","follow":"follow","max-snippet":"max-snippet:-1","max-image-preview":"max-image-preview:large","max-video-preview":"max-video-preview:-1"},"canonical":"https:\/\/www.dr-thaler.at\/zahnarzt\/datenschutzerklaerung\/","og_locale":"de_DE","og_type":"article","og_title":"Dr. Christian Thaler :: Facharzt f\u00fcr Zahn-, Mund- und Kieferheilkunde in Villach | Datenschutzerkl\u00e4rung","og_description":"Diese Datenschutzerkl\u00e4rung kl\u00e4rt \u00fcber die Art, den Umfang und Zweck der Verarbeitung (u.a. Erhebung, Verarbeitung und Nutzung sowie Einholung von Einwilligungen) von personenbezogenen Daten innerhalb unseres Onlineangebotes und der mit ihm verbundenen Webseiten, Funktionen und Inhalte (nachfolgend gemeinsam bezeichnet als \u201cOnlineangebot\u201d oder \u201cWebsite\u201d) auf.","og_url":"https:\/\/www.dr-thaler.at\/zahnarzt\/datenschutzerklaerung\/","og_site_name":"Dr. Christian Thaler :: Facharzt f\u00fcr Zahn-, Mund- und Kieferheilkunde in Villach","article_modified_time":"2022-08-25T12:26:01+00:00","twitter_card":"summary_large_image","twitter_misc":{"Gesch\u00e4tzte Lesezeit":"13\u00a0Minuten"},"schema":{"@context":"https:\/\/schema.org","@graph":[{"@type":"WebPage","@id":"https:\/\/www.dr-thaler.at\/zahnarzt\/datenschutzerklaerung\/","url":"https:\/\/www.dr-thaler.at\/zahnarzt\/datenschutzerklaerung\/","name":"Dr. Christian Thaler :: Facharzt f\u00fcr Zahn-, Mund- und Kieferheilkunde in Villach | Datenschutzerkl\u00e4rung","isPartOf":{"@id":"https:\/\/www.dr-thaler.at\/zahnarzt\/#website"},"datePublished":"2022-08-25T09:43:17+00:00","dateModified":"2022-08-25T12:26:01+00:00","description":"Diese Datenschutzerkl\u00e4rung kl\u00e4rt \u00fcber die Art, den Umfang und Zweck der Verarbeitung (u.a. Erhebung, Verarbeitung und Nutzung sowie Einholung von Einwilligungen) von personenbezogenen Daten innerhalb unseres Onlineangebotes und der mit ihm verbundenen Webseiten, Funktionen und Inhalte (nachfolgend gemeinsam bezeichnet als \u201cOnlineangebot\u201d oder \u201cWebsite\u201d) auf.","breadcrumb":{"@id":"https:\/\/www.dr-thaler.at\/zahnarzt\/datenschutzerklaerung\/#breadcrumb"},"inLanguage":"de","potentialAction":[{"@type":"ReadAction","target":["https:\/\/www.dr-thaler.at\/zahnarzt\/datenschutzerklaerung\/"]}]},{"@type":"BreadcrumbList","@id":"https:\/\/www.dr-thaler.at\/zahnarzt\/datenschutzerklaerung\/#breadcrumb","itemListElement":[{"@type":"ListItem","position":1,"name":"Startseite","item":"https:\/\/www.dr-thaler.at\/zahnarzt\/"},{"@type":"ListItem","position":2,"name":"Datenschutzerkl\u00e4rung"}]},{"@type":"WebSite","@id":"https:\/\/www.dr-thaler.at\/zahnarzt\/#website","url":"https:\/\/www.dr-thaler.at\/zahnarzt\/","name":"Dr. Christian Thaler :: Facharzt f\u00fcr Zahn-, Mund- und Kieferheilkunde in Villach","description":"MedCenter Villach-S\u00fcd, Backsteingasse 8","publisher":{"@id":"https:\/\/www.dr-thaler.at\/zahnarzt\/#organization"},"potentialAction":[{"@type":"SearchAction","target":{"@type":"EntryPoint","urlTemplate":"https:\/\/www.dr-thaler.at\/zahnarzt\/?s={search_term_string}"},"query-input":{"@type":"PropertyValueSpecification","valueRequired":true,"valueName":"search_term_string"}}],"inLanguage":"de"},{"@type":"Organization","@id":"https:\/\/www.dr-thaler.at\/zahnarzt\/#organization","name":"Zahnarzt Ordination Dr. Thaler Villach","url":"https:\/\/www.dr-thaler.at\/zahnarzt\/","logo":{"@type":"ImageObject","inLanguage":"de","@id":"https:\/\/www.dr-thaler.at\/zahnarzt\/#\/schema\/logo\/image\/","url":"https:\/\/www.dr-thaler.at\/zahnarzt\/wp-content\/uploads\/2016\/04\/Logo_THALER-ZAHNARZT_web-retina.png","contentUrl":"https:\/\/www.dr-thaler.at\/zahnarzt\/wp-content\/uploads\/2016\/04\/Logo_THALER-ZAHNARZT_web-retina.png","width":573,"height":200,"caption":"Zahnarzt Ordination Dr. Thaler Villach"},"image":{"@id":"https:\/\/www.dr-thaler.at\/zahnarzt\/#\/schema\/logo\/image\/"}}]}},"_links":{"self":[{"href":"https:\/\/www.dr-thaler.at\/zahnarzt\/wp-json\/wp\/v2\/pages\/484","targetHints":{"allow":["GET"]}}],"collection":[{"href":"https:\/\/www.dr-thaler.at\/zahnarzt\/wp-json\/wp\/v2\/pages"}],"about":[{"href":"https:\/\/www.dr-thaler.at\/zahnarzt\/wp-json\/wp\/v2\/types\/page"}],"author":[{"embeddable":true,"href":"https:\/\/www.dr-thaler.at\/zahnarzt\/wp-json\/wp\/v2\/users\/1"}],"replies":[{"embeddable":true,"href":"https:\/\/www.dr-thaler.at\/zahnarzt\/wp-json\/wp\/v2\/comments?post=484"}],"version-history":[{"count":28,"href":"https:\/\/www.dr-thaler.at\/zahnarzt\/wp-json\/wp\/v2\/pages\/484\/revisions"}],"predecessor-version":[{"id":512,"href":"https:\/\/www.dr-thaler.at\/zahnarzt\/wp-json\/wp\/v2\/pages\/484\/revisions\/512"}],"wp:attachment":[{"href":"https:\/\/www.dr-thaler.at\/zahnarzt\/wp-json\/wp\/v2\/media?parent=484"}],"curies":[{"name":"wp","href":"https:\/\/api.w.org\/{rel}","templated":true}]}}